7
What is the highest common factor of 12288 and 1128?
24
What is the greatest common factor of 225 and 139275?
225
Calculate the greatest common factor of 87 and 132240.
87
Calculate the greatest common divisor of 25 and 8725.
25
Calculate the highest common factor of 18330 and 36049.
611
What is the highest common factor of 361144 and 56?
56
Calculate the highest common divisor of 342636 and 84.
84
Calculate the highest common factor of 5535 and 349320.
615
What is the highest common factor of 3026 and 178?
178
What is the highest common divisor of 818 and 969739?
409
What is the greatest common factor of 63 and 79177?
7
Calculate the highest common divisor of 2380 and 4340.
140
Calculate the highest common divisor of 3612 and 38388.
84
Calculate the greatest common factor of 28 and 77560.
28
What is the highest common divisor of 2949042 and 2763?
921
Calculate the greatest common divisor of 168 and 8486856.
168
Calculate the highest common factor of 646 and 104044.
38
Calculate the greatest common factor of 1216893 and 4921.
703
What is the highest common divisor of 524638 and 2770?
554
Calculate the highest common divisor of 6276 and 708.
12
What is the greatest common divisor of 9445 and 125?
5
Calculate the highest common factor of 13215 and 751493.
881
What is the highest common divisor of 383898 and 72201?
1761
Calculate the highest common factor of 28 and 4636.
4
Calculate the highest common divisor of 42174 and 12078.
198
What is the greatest common factor of 214773 and 156?
39
What is the highest common factor of 1275743 and 434?
217
What is the highest common divisor of 749955 and 561?
51
What is the greatest common divisor of 99 and 52470?
99
Calculate the greatest common divisor of 232815 and 330.
165
Calculate the highest common factor of 5631 and 78.
3
Calculate the greatest common divisor of 44220 and 1500.
60
Calculate the greatest common factor of 3287 and 27853.
173
Calculate the greatest common factor of 6303060 and 485.
485
Calculate the highest common divisor of 9078 and 4.
2
Calculate the highest common divisor of 2448 and 464.
16
Calculate the highest common divisor of 8963874 and 36.
18
Calculate the greatest common factor of 1012 and 140.
4
What is the highest common divisor of 44 and 179234?
22
What is the greatest common factor of 33386 and 24?
2
Calculate the highest common divisor of 1760 and 57440.
160
What is the greatest common factor of 16 and 1070224?
16
Calculate the greatest common divisor of 416 and 1246336.
416
What is the greatest common divisor of 1485132 and 132?
132
What is the greatest common divisor of 504 and 20616?
24
What is the greatest common factor of 545844 and 702?
78
What is the greatest common factor of 8900 and 1550380?
1780
What is the highest common factor of 14840 and 49630?
70
What is the highest common factor of 20 and 253030?
10
Calculate the greatest common factor of 8016 and 1200.
48
What is the highest common divisor of 5690 and 340?
10
What is the greatest common factor of 550201 and 584?
73
What is the greatest common factor of 1100 and 102500?
100
Calculate the highest common factor of 200 and 21944.
8
Calculate the greatest common factor of 481 and 32671.
37
What is the highest common factor of 55368 and 252?
36
Calculate the highest common factor of 57787 and 6.
1
Calculate the greatest common divisor of 3395 and 4171.
97
Calculate the greatest common divisor of 18 and 318294.
18
What is the highest common factor of 72 and 174726?
18
What is the highest common factor of 90913 and 1588?
397
Calculate the highest common divisor of 872048 and 160.
16
What is the highest common divisor of 124928 and 1280?
256
What is the greatest common factor of 77562 and 13622?
278
Calculate the highest common factor of 1600 and 1472.
64
What is the highest common divisor of 1802 and 1325371?
901
Calculate the greatest common divisor of 352 and 37048.
88
What is the highest common divisor of 27630 and 5?
5
Calculate the greatest common divisor of 1836 and 68.
68
Calculate the greatest common factor of 490471 and 1567.
1567
What is the greatest common factor of 55888 and 1176?
56
What is the highest common factor of 352 and 348352?
32
What is the greatest common factor of 2090 and 5054?
38
What is the highest common divisor of 70 and 690970?
70
What is the highest common factor of 5115 and 58795?
55
What is the greatest common divisor of 164 and 51373?
41
Calculate the greatest common factor of 4438 and 72593.
317
What is the greatest common factor of 759497 and 358?
179
Calculate the greatest common factor of 100265 and 5.
5
What is the greatest common divisor of 1057604 and 151?
151
What is the highest common factor of 1758 and 24?
6
Calculate the highest common factor of 810 and 556470.
810
What is the highest common factor of 7 and 10297?
7
What is the greatest common factor of 88 and 1598234?
22
What is the greatest common factor of 117 and 3926?
13
What is the highest common divisor of 24 and 118392?
24
What is the greatest common factor of 1290 and 1440?
30
Calculate the greatest common divisor of 66 and 46827.
33
What is the highest common factor of 255463 and 26273?
559
What is the greatest common factor of 64 and 59456?
64
What is the greatest common divisor of 156517 and 557?
557
Calculate the highest common divisor of 2825 and 1051465.
565
Calculate the greatest common factor of 43 and 55169.
43
Calculate the highest common divisor of 11675 and 9807.
467
Calculate the greatest common factor of 1015 and 5460.
35
What is the highest common factor of 824 and 2487244?
412
Calculate the highest common factor of 104636 and 1184.
148
What is the greatest common divisor of 1228 and 110213?
307
Calculate the highest common divisor of 196697 and 1646.
823
What is the highest common factor of 4450 and 165950?
50
Calculate the greatest common factor of 340 and 89845.
85
What is the greatest common factor of 236225 and 25?
25
What is the greatest common divisor of 112 and 94976?
112
What is the highest common factor of 125 and 304?
1
What is the highest common factor of 163290 and 30?
30
What is the highest common divisor of 4913 and 50864?
289
What is the highest common factor of 37882 and 4082?
26
Calculate the greatest common factor of 10915 and 2960.
185
What is the highest common divisor of 604695 and 910?
455
Calculate the greatest common factor of 63862 and 7326.
74
What is the greatest common factor of 2703571 and 65?
13
Calculate the greatest common divisor of 16 and 676520.
8
What is the highest common factor of 268404 and 64?
4
What is the greatest common factor of 186034 and 4383?
487
Calculate the highest common divisor of 136827 and 207.
207
Calculate the highest common factor of 11 and 3241.
1
What is the greatest common factor of 5170 and 11750?
470
What is the highest common divisor of 32 and 47504?
16
What is the greatest common divisor of 13545 and 11655?
315
Calculate the greatest common factor of 1495 and 24817.
299
Calculate the greatest common factor of 1435 and 8435.
35
What is the greatest common divisor of 370 and 5156875?
185
Calculate the highest common factor of 1685 and 5.
5
Calculate the highest common divisor of 423539 and 259.
37
Calculate the highest common factor of 909 and 1503.
9
Calculate the greatest common divisor of 3944 and 23200.
232
What is the highest common factor of 127916 and 904?
452
What is the highest common factor of 101304 and 2376?
216
Calculate the greatest common factor of 119 and 363664.
119
Calculate the greatest common factor of 50692 and 547124.
1748
Calculate the greatest common divisor of 7 and 15431171.
7
What is the greatest common factor of 1060371 and 51675?
2067
What is the highest common factor of 745353 and 63?
63
What is the greatest common factor of 39524 and 492?
164
Calculate the highest common divisor of 3424 and 98547.
107
Calculate the greatest common factor of 15081876 and 648.
324
What is the highest common factor of 4 and 43612?
4
What is the greatest common factor of 20 and 26310?
10
Calculate the highest common factor of 636 and 405026.
106
What is the highest common factor of 7911 and 2735448?
879
Calculate the greatest common factor of 820 and 51140.
20
Calculate the greatest common factor of 159 and 9057.
3